s - 13*s, 2*s = m - 1366. What is the highest common divisor of m and 43?
43
Let o(l) = -14*l + 4702. Let d be o(89). What is the greatest common divisor of d and 27?
27
Let u = 7952 - 7928. Calculate the greatest common divisor of 1112 and u.
8
Suppose 48*h - 2566 = -2*f + 47*h, 3870 = 3*f + 5*h. What is the highest common divisor of f and 10?
10
Let u be (96 + 23)/7 + -1*8. Calculate the highest common factor of 657 and u.
9
Let t be (-9)/(-45) + (-16236)/(-20). Suppose 0 = -10*y - 19*y + t. Calculate the greatest common divisor of 35 and y.
7
Let a = -1280 - -1281. What is the greatest common factor of a and 157?
1
Let z be (-5 + 62)*2/3. Suppose 0 = 5*d + 5*d - 4180. Calculate the highest common divisor of z and d.
38
Let a = 2801 + -2447. What is the greatest common factor of a and 1593?
177
Let f(p) = -p**2 - 13*p + 10. Let n be f(-7). Let w = 28 + 9. Let j = w - 24. Calculate the highest common divisor of j and n.
13
Suppose 5830*d - 5801*d - 1740 = 0. Calculate the greatest common divisor of 390 and d.
30
Let n = 128741 - 128697. Let w = 12 - -10. Suppose 0 = 2*g - 2*i - w, g - 12 + 1 = -4*i. Calculate the highest common divisor of g and n.
11
Suppose -13348 = 30*t - 51778. Calculate the highest common factor of t and 301.
7
Let a(i) = -i**3 + 10*i**2 - 22*i + 9. Let k be a(6). Let p be 3 + 186 + 1 + 15/(-15). What is the greatest common factor of p and k?
21
Suppose -274*f = -11905 + 9987. Let z(l) = -7*l**3 + l - 1. Let r be z(2). Let p be -1*((-1)/1 + r). Calculate the highest common divisor of f and p.
7
Let w = 981 - 566. Suppose -3*l + 440 = 4*q, 2*q + w - 1015 = -4*l. Calculate the greatest common factor of l and 19.
19
Let h = 5 - -37. Let z = h - 40. Let a be z/(-15) + -4 + 15310/75. Calculate the highest common factor of a and 25.
25
Let a(y) = -29*y + 86. Let w be a(-6). What is the greatest common factor of 700 and w?
20
Let b = 6199 - 6148. What is the highest common factor of 1054 and b?
17
Suppose 3*p + p = 284. Let f = p - 1. Suppose 68 = 15*r - 82. Calculate the highest common divisor of f and r.
10
Let b = 159 - -107. Let l(m) = m**3 + 4*m**2 + 39. Let o be l(-5). Calculate the greatest common factor of b and o.
14
Let l(t) = 2*t**2 + 7*t - 3. Let o be l(-7). Suppose 40*h - 41*h + 135 = 2*u, 5*u - h - 348 = 0. What is the greatest common divisor of u and o?
23
Let f be (-87)/9 - (-2)/3. Let m(i) = -217 + 217 - 2*i. Let t be m(f). What is the highest common divisor of 18 and t?
18
Suppose -b - 2*a + 34 = 4*b, 3*a = b. Let f = -580 - -676. What is the highest common divisor of f and b?
6
Suppose -3*c + 100 - 34 = y, -160 = -2*y - 2*c. Calculate the greatest common factor of 3 and y.
3
Suppose 5*q - 385 = 13*k - 9*k, 4*k = -5*q + 425. Calculate the highest common factor of 1917 and q.
27
Let d be (7264/(-2) + 6)/(0 + 16/(-24)). Calculate the greatest common divisor of 555 and d.
111
Let a be 159/9 + 1/3. Suppose -2900*z = -2917*z + 3978. Calculate the highest common factor of a and z.
18
Suppose -5*c + 5*u = -556 - 9, -5*c = 4*u - 637. What is the greatest common divisor of c and 2519?
11
Let i be 3/1 - 28/21*498. Let j = 670 + i. Let d be ((0 + 1)*-1)/(-1). What is the greatest common factor of d and j?
1
Let h(s) = s**2 + s + 7. Let o be h(-5). Let v be -2 - -4 - (-5)/5. Suppose -6*k = -v - 51. What is the greatest common divisor of k and o?
9
Let h = 1 - -3. Suppose -2*z + 12*n - 10*n = -98, -2*n = z - 49. Suppose -z*w = -56*w + 308. What is the highest common divisor of h and w?
4
Let b(m) = 5*m**2 - 33*m + 2. Let w be b(7). Suppose -3*x + w = -2*x. What is the greatest common divisor of x and 208?
16
Let l be 286/(-7293) - (-202780)/102. What is the highest common divisor of l and 3834?
142
Let m(f) = -27*f + 8. Let u be m(-1). Let t(g) = g**3 + 12*g**2 + 8*g - 5. Let w be t(-11). Let h = -21 + w. Calculate the highest common divisor of h and u.
7
Suppose -4*d + 5*o = -45, 2*d - 5*o + 6 = 21. Suppose d*j - 39 = 786. What is the highest common factor of 440 and j?
55
Suppose -5*a + 4792 = 1322. Suppose 16*z - 4102 + a = 0. What is the highest common factor of z and 3?
3
Suppose 3*v + 2*q - 1577 = 0, 1572 = 162*v - 159*v - 3*q. What is the highest common divisor of v and 2240?
35
Let y be (513/(-285))/(2*6/(-320)). Let k(d) = 47*d**3 + 2*d**2 - d. Let z be k(1). What is the greatest common factor of z and y?
48
Let o(p) = -5*p + 22. Let t be o(3). Suppose 0 = -r + t. Let l be (-15)/2*(-126)/15. Calculate the greatest common factor of r and l.
7
Let w(i) be the first derivative of -i**3/3 - 19*i**2 - 51*i - 60. Let l be w(-35). What is the highest common divisor of 432 and l?
54
Let c(x) = 6*x - 4. Let s be c(7). Let l = 51 - 65. Let i(h) = -h**3 - 13*h**2 + 8*h + 11. Let j be i(l). What is the highest common divisor of s and j?
19
Let t = 553 - 345. Suppose -f + t - 18 = 0. Suppose 3*x = 655 - f. What is the highest common divisor of 62 and x?
31
Suppose 46*g - 51*g = m - 109, g = 3. What is the greatest common divisor of m and 2726?
94
Suppose 15 - 232 = -2*p + 215. Calculate the greatest common factor of 270 and p.
54
Let n = 313 + -79. Suppose -c = -6*c + 195. Calculate the greatest common factor of c and n.
39
Suppose 212*a - 212420 = -35*a. What is the greatest common factor of 100 and a?
20
Let h = -9223 + 9451. Calculate the greatest common factor of 63 and h.
3
Let n(d) = -d**2 + 23*d + 36. Let h = -57 + 81. Let g be n(h). What is the highest common factor of 24 and g?
12
Let r be (-2968)/(-17 - -9) + -1*(-2 + 5). What is the highest common divisor of 6716 and r?
92
Let n = -100 - -102. Suppose i - b = 8, i - n = 2*i - 3*b. What is the greatest common divisor of 2 and i?
1
Suppose -29*k + 32*k = -2499. Let u = -510 - k. What is the greatest common divisor of u and 17?
17
Let t = -1576 + 817. Let v = t + 1127. What is the highest common divisor of 92 and v?
92
Let j be 6/45*(-105)/(-14). Let l be (-36)/18*j/2 - -30. Calculate the greatest common divisor of 377 and l.
29
Let n be (-6)/9 - (1 + (-215640)/27). Calculate the highest common factor of 5 and n.
5
Let i(v) = 7*v - 33. Let a be i(5). Suppose -3*p = 0, -a*p - 56 = -6*b + 5*b. What is the highest common factor of b and 40?
8
Let h be (-7*(-1 - 5))/1. Let i be (88/(-16) - -6)/((-2)/(-64)). Suppose 0 = 5*l - 2*c - 132, -2*c + 6*c = i. Calculate the highest common divisor of l and h.
14
Suppose -2*j + 1196 = 1164. Suppose j*q - 3619 = 93. What is the greatest common divisor of 8 and q?
8
Let x = 9537 - 9529. Calculate the greatest common factor of 338 and x.
2
Let m(v) = 2*v**2 - 3*v - 4. Let a be (1/2)/((22/(-12))/(-11)). Let t be m(a). Let r be -2*2/(-4) + t. What is the greatest common divisor of 18 and r?
6
Let p(u) = 19*u - 16. Let s be p(1). Let f(k) = 3*k**2 - 5*k + 9. Let o be f(s). Calculate the highest common divisor of o and 168.
21
Let v be (15/(-10) - -5)*2. Let q(u) = 5*u**2 + 5*u**2 + u**3 - v*u - 19 - 4*u**2. Let t be q(-6). Calculate the greatest common factor of 92 and t.
23
Let d = 180 - 175. Let z be (1203/30 + 2/d)*12. Calculate the highest common factor of 18 and z.
18
Let l = 226 - 241. Let m be -25*6*1/l*3. What is the highest common factor of 210 and m?
30
Suppose -2*i - 3 = -3*i. Suppose 8*c + i*c = 0. Suppose -2*q + 120 + 8 = c. What is the highest common factor of 8 and q?
8
Let b = -229 + 220. Let n be ((-6)/b)/((-4)/(-132)). What is the greatest common divisor of 506 and n?
22
Suppose 466 = 4*q + 2*a, 3*q + 0*a - 3*a = 327. Suppose -9*v + q = -3*v. Suppose -22*j + v*j + 102 = 0. What is the highest common divisor of j and 2?
2
Suppose 2*u - 78 = 5*j - 25, 2*u + 5*j - 63 = 0. Calculate the highest common factor of 2929 and u.
29
Suppose 3*c = -5*x + 20 - 11, -4*x = 0. Suppose c*n + 90 = 5*n - 4*y, -8 = 2*y. Let a = 136 - 25. Calculate the highest common factor of n and a.
37
Let h = 731 - 665. What is the highest common divisor of h and 4191?
33
Suppose 3*a - 3*o + 69 - 1494 = 0, 2*o = 0. What is the highest common divisor of 50 and a?
25
Let s = 172 - 99. Let b = 154 - s. Suppose -b = 2*a - 11*a. Calculate the greatest common divisor of 6 and a.
3
Suppose 3*w - 755 = 274. Suppose d = -2*i + 23, 0 = -5*d - 4*i + 4 + 63. Calculate the highest common divisor of d and w.
7
Suppose 2*i = n + 4, -2*i - n - 4*n = -4. Suppose -2*u 